{"id":43,"date":"2018-05-27T19:10:37","date_gmt":"2018-05-27T17:10:37","guid":{"rendered":"http:\/\/chateau-du-rousset.fr\/wordpress\/?page_id=43"},"modified":"2025-05-25T13:36:35","modified_gmt":"2025-05-25T11:36:35","slug":"informations-pratiques-et-visite","status":"publish","type":"page","link":"http:\/\/chateau-du-rousset.fr\/wordpress\/index.php\/informations-pratiques-et-visite\/","title":{"rendered":"Acc\u00e8s et visite"},"content":{"rendered":"<h2><strong>Acc\u00e8s<\/strong><\/h2>\n<p>Le Ch\u00e2teau du Rousset se situe sur la commune de Margerie-Chantagret \u00e0 12 km au sud de Montbrison (42 &#8211; Loire).<\/p>\n<p><iframe loading=\"lazy\" style=\"border: 0;\" src=\"https:\/\/www.google.com\/maps\/embed?pb=!1m18!1m12!1m3!1d807.1230272816127!2d4.018444767774256!3d45.52140888991599!2m3!1f0!2f0!3f0!3m2!1i1024!2i768!4f13.1!3m3!1m2!1s0x0%3A0x0!2zNDXCsDMxJzE3LjMiTiA0wrAwMScwOC42IkU!5e1!3m2!1sfr!2sfr!4v1536253573944\" width=\"700\" height=\"350\" frameborder=\"0\" allowfullscreen=\"allowfullscreen\"><\/iframe><\/p>\n<p>Coordonn\u00e9es GPS :\u00a0\u00a0<strong>45\u00b031&rsquo;17.3&Prime;N 4\u00b001&rsquo;08.6&Prime;E<\/strong><\/p>\n<p>Pour s&rsquo;y rendre depuis Margerie-Chantagret :<\/p>\n<ul>\n<li>sortir de Margerie en prenant la direction de Gumi\u00e8res (D102).<\/li>\n<li><span style=\"font-size: 1rem;\">2km apr\u00e8s , \u00e0 la sortie d\u2019un large virage \u00e0 droite, quitter la D102 sur la gauche en direction de La Goutte (le Rousset est indiqu\u00e9)<\/span><\/li>\n<li><span style=\"font-size: 1rem;\">1500m apr\u00e8s, en arrivant \u00e0 La Goutte prendre la route \u00e0 gauche (Le Rousset est indiqu\u00e9), passer le pont et remonter le raidillon en face.<\/span><\/li>\n<li><span style=\"font-size: 1rem;\">En haut du raidillon, tourner \u00e0 droite (le Rousset n\u2019est pas indiqu\u00e9 \u00e0 cet endroit)<\/span><\/li>\n<li><span style=\"font-size: 1rem;\">Au croisement suivant (400m apr\u00e8s), prendre la route \u00e0 droite (Le Rousset est \u00e0 nouveau indiqu\u00e9).<\/span><\/li>\n<li><span style=\"font-size: 1rem;\">50m apr\u00e8s, emprunter le chemin de terre en oblique sur la droite qui m\u00e8ne au ch\u00e2teau\u00a0<\/span><\/li>\n<\/ul>\n<h2><strong>Visites<\/strong><\/h2>\n<p><strong>Le Ch\u00e2teau est une propri\u00e9t\u00e9 priv\u00e9e et n&rsquo;est pas ouvert au public. <\/strong><\/p>\n<p>Pour le visiter (d&rsquo;Avril \u00e0 Octobre), v<span style=\"display: inline !important; float: none; background-color: transparent; color: #333333; cursor: text; font-family: 'Libre Franklin','Helvetica Neue',helvetica,arial,sans-serif; font-size: 16px; font-style: normal; font-variant: normal; font-weight: 400; letter-spacing: normal; orphans: 2; text-align: left; text-decoration: none; text-indent: 0px; text-transform: none; -webkit-text-stroke-width: 0px; white-space: normal; word-spacing: 0px;\">ous devez prendre <strong>rendez-vous<\/strong> aupr\u00e8s de Vincent GUIGON (06.82 26 77 83) ou contact@chateau-du-rousset.fr ou venir lors des <\/span><strong>Journ\u00e9es Europ\u00e9ennes du Patrimoine<\/strong><span style=\"display: inline !important; float: none; background-color: transparent; color: #333333; cursor: text; font-family: 'Libre Franklin','Helvetica Neue',helvetica,arial,sans-serif; font-size: 16px; font-style: normal; font-variant: normal; font-weight: 400; letter-spacing: normal; orphans: 2; text-align: left; text-decoration: none; text-indent: 0px; text-transform: none; -webkit-text-stroke-width: 0px; white-space: normal; word-spacing: 0px;\">.<\/span><\/p>\n<p><strong>Tarif<\/strong><\/p>\n<ul>\n<li>5 \u20ac<\/li>\n<li>Gratuit pour les enfants de moins de 10 ans et les JEP<\/li>\n<\/ul>\n<p><strong>Conditions d\u2019acc\u00e8s<\/strong><\/p>\n<ul>\n<li>Le ch\u00e2teau du Rousset est une propri\u00e9t\u00e9 priv\u00e9e<\/li>\n<li>Il est strictement interdit de p\u00e9n\u00e9trer dans l\u2019enceinte du ch\u00e2teau sans guide<\/li>\n<\/ul>\n<p><strong>Tranquillit\u00e9, s\u00e9curit\u00e9<\/strong><\/p>\n<ul>\n<li>Ne pas franchir les barri\u00e8res et dispositifs destin\u00e9s \u00e0 contenir le public<\/li>\n<li>Tenez vous \u00e9loign\u00e9s des murs<\/li>\n<li>Munissez-vous de chaussures ad\u00e9quates<\/li>\n<li>Ne vous approchez pas des ouvertures donnant sur du vide<\/li>\n<li>Surveillez les enfants qui vous accompagnent et tenez-les par la main<\/li>\n<\/ul>\n","protected":false},"excerpt":{"rendered":"<p>Acc\u00e8s Le Ch\u00e2teau du Rousset se situe sur la commune de Margerie-Chantagret \u00e0 12 km au sud de Montbrison (42 &#8211; Loire). Coordonn\u00e9es GPS :\u00a0\u00a045\u00b031&rsquo;17.3&Prime;N 4\u00b001&rsquo;08.6&Prime;E Pour s&rsquo;y rendre depuis Margerie-Chantagret : sortir de Margerie en prenant la direction de Gumi\u00e8res (D102). 2km apr\u00e8s , \u00e0 la sortie d\u2019un large virage \u00e0 droite, quitter la &hellip; <\/p>\n<p class=\"link-more\"><a href=\"http:\/\/chateau-du-rousset.fr\/wordpress\/index.php\/informations-pratiques-et-visite\/\" class=\"more-link\">Continuer la lecture<span class=\"screen-reader-text\"> de &laquo;&nbsp;Acc\u00e8s et visite&nbsp;&raquo;<\/span><\/a><\/p>\n","protected":false},"author":2,"featured_media":0,"parent":0,"menu_order":0,"comment_status":"closed","ping_status":"closed","template":"","meta":{"footnotes":""},"class_list":["post-43","page","type-page","status-publish","hentry"],"_links":{"self":[{"href":"http:\/\/chateau-du-rousset.fr\/wordpress\/index.php\/wp-json\/wp\/v2\/pages\/43"}],"collection":[{"href":"http:\/\/chateau-du-rousset.fr\/wordpress\/index.php\/wp-json\/wp\/v2\/pages"}],"about":[{"href":"http:\/\/chateau-du-rousset.fr\/wordpress\/index.php\/wp-json\/wp\/v2\/types\/page"}],"author":[{"embeddable":true,"href":"http:\/\/chateau-du-rousset.fr\/wordpress\/index.php\/wp-json\/wp\/v2\/users\/2"}],"replies":[{"embeddable":true,"href":"http:\/\/chateau-du-rousset.fr\/wordpress\/index.php\/wp-json\/wp\/v2\/comments?post=43"}],"version-history":[{"count":10,"href":"http:\/\/chateau-du-rousset.fr\/wordpress\/index.php\/wp-json\/wp\/v2\/pages\/43\/revisions"}],"predecessor-version":[{"id":849,"href":"http:\/\/chateau-du-rousset.fr\/wordpress\/index.php\/wp-json\/wp\/v2\/pages\/43\/revisions\/849"}],"wp:attachment":[{"href":"http:\/\/chateau-du-rousset.fr\/wordpress\/index.php\/wp-json\/wp\/v2\/media?parent=43"}],"curies":[{"name":"wp","href":"https:\/\/api.w.org\/{rel}","templated":true}]}}